 4) to base 7.
15
Convert 0 (base 4) to base 15.
0
What is -5 (base 8) in base 14?
-5
Convert 3 (base 12) to base 2.
11
What is -110 (base 2) in base 6?
-10
What is 10 (base 3) in base 8?
3
Convert -2 (base 12) to base 7.
-2
-2 (base 5) to base 2
-10
Convert 1303 (base 4) to base 7.
223
-24 (base 6) to base 8
-20
Convert 172 (base 14) to base 3.
101222
Convert -120 (base 10) to base 12.
-a0
Convert -c (base 15) to base 5.
-22
-11 (base 3) to base 5
-4
What is 73 (base 16) in base 12?
97
11 (base 3) to base 13
4
5 (base 16) to base 11
5
What is -7 (base 12) in base 15?
-7
What is b (base 14) in base 15?
b
Convert -3 (base 7) to base 11.
-3
-13 (base 11) to base 8
-16
What is 1001 (base 3) in base 6?
44
What is 20 (base 4) in base 14?
8
What is -68 (base 13) in base 11?
-79
Convert 1 (base 15) to base 16.
1
What is -12 (base 12) in base 3?
-112
What is 0 (base 6) in base 2?
0
1 (base 10) to base 7
1
What is -323 (base 4) in base 13?
-47
e4 (base 16) to base 13
147
101 (base 2) to base 10
5
What is 12 (base 3) in base 2?
101
Convert b (base 16) to base 13.
b
-100 (base 8) to base 12
-54
What is -45 (base 11) in base 3?
-1211
Convert -11001 (base 2) to base 7.
-34
What is 23 (base 4) in base 9?
12
Convert -2122 (base 4) to base 2.
-10011010
Convert 108 (base 9) to base 7.
155
What is -7 (base 16) in base 7?
-10
-3 (base 13) to base 8
-3
Convert -11 (base 12) to base 5.
-23
Convert 30 (base 6) to base 10.
18
What is -1 (base 14) in base 15?
-1
What is 38 (base 13) in base 15?
32
What is -14 (base 7) in base 12?
-b
What is 1111 (base 4) in base 10?
85
-6 (base 9) to base 12
-6
What is 220 (base 3) in base 14?
1a
What is -13 (base 8) in base 3?
-102
Convert 11 (base 3) to base 14.
4
Convert -13 (base 12) to base 9.
-16
-16 (base 8) to base 2
-1110
Convert -53 (base 8) to base 9.
-47
-22 (base 5) to base 13
-c
Convert 1012 (base 3) to base 7.
44
Convert -1 (base 8) to base 13.
-1
0 (base 6) to base 3
0
What is -1 (base 2) in base 3?
-1
What is 60 (base 9) in base 8?
66
-58 (base 15) to base 9
-102
Convert 112 (base 3) to base 16.
e
What is -3 (base 5) in base 8?
-3
What is -88 (base 16) in base 11?
-114
14 (base 6) to base 11
a
What is 11 (base 3) in base 5?
4
What is 26 (base 7) in base 8?
24
What is 15 (base 7) in base 6?
20
Convert -115 (base 9) to base 2.
-1011111
What is -2 (base 14) in base 6?
-2
Convert 10 (base 5) to base 13.
5
What is 44 (base 14) in base 11?
55
What is -401 (base 6) in base 16?
-91
-6 (base 12) to base 15
-6
a (base 13) to base 16
a
Convert 11 (base 15) to base 4.
100
Convert 5 (base 16) to base 4.
11
What is -110 (base 3) in base 13?
-c
Convert -2 (base 8) to base 3.
-2
What is 24 (base 5) in base 13?
11
80 (base 14) to base 6
304
Convert 142 (base 11) to base 15.
b2
Convert c (base 14) to base 15.
c
Convert 19a (base 15) to base 7.
1036
343 (base 6) to base 10
135
-12 (base 11) to base 4
-31
11010001 (base 2) to base 6
545
What is 35 (base 8) in base 9?
32
What is 111 (base 2) in base 11?
7
What is 23 (base 11) in base 2?
11001
What is 0 (base 5) in base 8?
0
What is -22 (base 3) in base 10?
-8
What is 1010 (base 2) in base 6?
14
What is 222 (base 4) in base 2?
101010
What is 9 (base 16) in base 9?
10
What is 20 (base 16) in base 11?
2a
Convert -65 (base 13) to base 12.
-6b
1101 (base 3) to base 13
2b
What is -34 (base 11) in base 16?
-25
2 (base 9) to base 16
2
What is -13 (base 10) in base 6?
-21
What is 241 (base 6) in base 12?
81
-10 (base 3) to base 9
-3
2 (base 5) to base 13
2
What is d0 (base 16) in base 12?
154
What is 37 (base 10) in base 16?
25
184 (base 12) to base 14
136
0 (base 13) to base 12
0
Convert -14 (base 5) to base 3.
-100
-3 (base 16) to base 2
-11
Convert 324 (base 7) to base 14.
bb
Convert -209 (base 12) to base 3.
-102000
What is -6 (base 9) in base 12?
-6
What is 201 (base 8) in base 7?
243
134 (base 7) to base 12
62
-ba (base 13) to base 11
-12a
What is 22 (base 3) in base 14?
8
What is 443 (base 7) in base 10?
227
What is -1121 (base 3) in base 8?
-53
-110101 (base 2) to base 6
-125
-3 (base 4) to base 6
-3
Convert -1 (base 12) to base 2.
-1
What is -8b (base 13) in base 16?
-73
Convert 1b (base 13) to base 7.
33
What is -20 (base 15) in base 10?
-30
14 (base 7) to base 2
1011
What is 67 (base 8) in base 9?
61
What is -2 (base 4) in base 8?
-2
17 (base 12) to base 6
31
Convert 17 (base 16) to base 3.
212
-2 (base 4) to base 7
-2
-1a (base 14) to base 7
-33
Convert -50 (base 10) to base 3.
-1212
Convert -1 (base 10) to base 15.
-1
37 (base 11) to base 12
34
Convert 8 (base 14) to base 13.
8
Convert -4 (base 6) to base 15.
-4
1323 (base 4) to base 7
234
6 (base 7) to base 9
6
-148 (base 11) to base 16
-ad
Convert 5 (base 14) to base 11.
5
Convert 3 (base 14) to base 4.
3
What is 16 (base 15) in base 8?
25
What is 0 (base 3) in base 13?
0
303 (base 5) to base 4
1032
What is 5c (base 14) in base 6?
214
Convert 300 (base 5) to base 10.
75
Convert 1 (base 5) to base 15.
1
-22 (base 14) to base 5
-110
Convert -1 (base 3) to base 4.
-1
What is 8 (base 16) in base 9?
8
2 (base 13) to base 11
2
Convert -4 (base 7) to base 8.
-4
Convert b (base 12) to base 8.
13
-a9 (base 11) to base 14
-87
What is 2 (base 10) in base 13?
2
Convert -5 (base 12) to base 7.
-5
Convert -5 (base 16) to base 14.
-5
-10 (base 10) to base 11
-a
Convert -264 (base 8) to base 3.
-20200
Convert 35 (base 15) to base 4.
302
0 (base 16) to base 12
0
Convert -110 (base 7) to base 2.
-111000
What is -23 (base 6) in base 8?
-17
Convert 11 (base 3) to base 15.
4
Convert 132 (base 5) to base 15.
2c
0 (base 10) to base 12
0
-160 (base 7) to base 15
-61
Convert 424 (base 5) to base 3.
11020
What is -3 (base 16) in base 8?
-3
What is 310 (base 4) in base 14?
3a
3 (base 8) to base 4
3
Convert 19 (base 12) to base 10.
21
What is -a5 (base 12) in base 6?
-325
What is 16 (base 16) in base 12?
1a
What is -1 (base 6) in base 4?
-1
What is -14 (base 15) in base 6?
-31
Convert -24 (base 12) to base 7.
-40
Convert 2 (base 14) to base 4.
2
What is -2 (base 8) in base 13?
-2
-100000 (base 2) to base 3
-1012
Convert 13 (base 7) to base 14.
a
What is 7 (base 11) in base 9?
7
Convert -132 (base 6) to base 10.
-56
What is 80 (base 9) in base 14?
52
Convert -6 (base 10) to base 11.
-6
What is -1102 (base 3) in base 13?
-2c
Convert -35 (base 6) to base 16.
-17
Convert -117 (base 8) to base 13.
-61
What is -13 (base 7) in base 3?
-101
What is -1 (base 13) in base 6?
-1
Convert 2 (base 12) to base 9.
2
Convert -b (base 12) to base 7.
-14
What is 96 (base 11) in base 7?
210
a5 (base 11) to base 3
11021
What is 4 (base 6) in base 10?
4
Convert 29 (base 14) to base 3.
1101
What is -3 (base 5) in base 14?
-3
What is -1 (base 6) in base 4?
-1
Convert 0 (base 10) to base 3.
0
What is 2 (base 14) in base 12?
2
5 (base 9) to base 5
10
What is -11 (base 4) in base 13?
-5
0 (base 4) to base 16
0
Convert 73 (base 12) to base 3.
10020
-1201 (base 3) to base 16
-2e
Convert 0 (base 16) to base 15.
0
Convert -41 (base 5) to base 6.
-33
What is 15 (base 10) in base 13?
12
Convert 1102 (base 5) to base 14.
ac
What is 3b (base 14) in base 15?
38
What is 11 (base 3) in base 13?
4
What is -9 (base 14) in base 3?
-100
-76 (base 15) to base 7
-216
3 (base 5) to base 11
3
What is 22 (base 5) in base 4?
30
-61 (base 13) to base 14
-59
What is -13 (base 6) in base 10?
-9
Convert -8 (base 10) to base 9.
-8
Convert -a (base 12) to base 15.
-a
1b (base 15) to base 9
28
Convert 10 (base 9) to base 10.
9
-2b (base 13) to base 4
-211
10011 (base 2) to base 16
13
-3 (base 4) to base 9
-3
What is 2122 (base 3) in base 14?
51
What is 0 (base 8) in base 2?
0
Convert -6 (base 16) to base 10.
-6
114 (base 8) to base 14
56
What is 3 (base 6) in base 5?
3
b (base 15) to base 10
11
2 (base 16) to base 15
2
2 (base 16) to base 8
2
What is -100 (base 8) in base 13?
-4c
1405 (base 6) to base 7
1031
-8 (base 11) to base 13
-8
5 (base 15) to base 3
12
What is 3 (base 15) in base 16?
3
11 (base 3) to base 7
4
What is -b7 (base 12) in base 2?
-10001011
Convert 13 (base 4) to base 2.
111
244 (base 6) to base 2
1100100
Convert 1b (base 14) to base 11.
23
Convert 26 (base 14) to base 6.
54
What is -12 (base 10) in base 11?
-11
-2 (base 8) to base 7
-2
What is 0 (base 16) in base 8?
0
-8 (base 14) to base 1